)/1). Calculate the greatest common factor of f and l.
18
Suppose -14 = -4*o - 2. Calculate the highest common factor of 6 and o.
3
Suppose 0 = 3*c - 15, -2*y + 5 = -5*c - 34. What is the greatest common divisor of y and 4?
4
Let c = -17 - -27. What is the greatest common divisor of 60 and c?
10
Suppose -16 = 4*y, 0*y + 7 = 5*x + 2*y. Let j(d) be the first derivative of -2*d**2 + 4*d + 1. Let b be j(-5). Calculate the greatest common divisor of b and x.
3
Let g(k) = -2*k - 2. Suppose 0 = -4*i + 2*i - 10. Let j be g(i). Let h be j + -2 + 3 + -2. Calculate the greatest common divisor of h and 77.
7
Suppose -5*c = 4*x - 0 + 5, 0 = -3*c - x - 3. Let m(a) = 24*a**2 - 1. Let h be m(c). Calculate the greatest common divisor of 115 and h.
23
Suppose -2*n - 37 = -5*s, -3*s - 3*n + 22 = 4. Suppose 4*x + 19 = y + 2*y, -5*y = 3*x + s. Calculate the greatest common factor of y and 4.
1
Let z = -120 + 239. Let b be (-17)/(-2*1/2). What is the highest common factor of b and z?
17
Suppose 3*h - 8 - 7 = 0. Suppose 7*f - h*p - 185 = 2*f, f + 3*p - 17 = 0. Calculate the highest common factor of f and 48.
16
Suppose 0 = -q + 8 + 4. Let u(w) = 8*w**2 - 6*w + 2 - 3*w**2 + 2 + w**3. Let m be u(-6). Calculate the highest common divisor of q and m.
4
Suppose -3*i - 3*s + 1 = 2*i, 4*s = i - 14. What is the highest common divisor of 2 and i?
2
Let l(t) = -t**3 - t**2 - t - 2. Let b be l(-3). Let w = 13 + b. Calculate the highest common divisor of 8 and w.
8
Suppose -y = -3*z + 74, 3*z + 16 = 5*y + 74. Calculate the greatest common factor of 13 and z.
13
Let z = 7 + -5. Suppose z*a = 158 - 32. What is the greatest common divisor of 9 and a?
9
Suppose -g + 5 = -u, -3*u = 2*g - 10 - 20. Suppose m = -v + 77, -2*m = -2*v + 136 - 2. Calculate the greatest common divisor of v and g.
9
Let q(v) = -2*v**3 - 5*v**2 + 3*v + 4. Let d be q(-6). Calculate the greatest common divisor of d and 34.
34
Suppose -3*m = -3*y - 48, m - 3*y - 3 - 13 = 0. Let s be 254/8 + (-1)/(-4). Calculate the highest common divisor of m and s.
16
Let p = -26 + 48. Calculate the highest common factor of p and 176.
22
Suppose -o = 5*h - 5*o - 65, -2*o - 24 = -2*h. Calculate the highest common factor of h and 68.
17
Let a = -7 - -22. Suppose -2*o + a = o. Suppose -o*q - 4*r + 118 = 0, -q + r = 3*r - 20. Calculate the greatest common divisor of q and 104.
26
Suppose -62 = -5*f - 17. Let y be -6*((-66)/f + 2). Calculate the greatest common divisor of y and 8.
8
Suppose 5*b - 3*x = 13, -30 = -4*b - 5*x + 10. Calculate the highest common factor of 5 and b.
5
Let m(r) = -r - 13. Let w be m(-20). What is the highest common factor of w and 63?
7
Let y be 7 + 9/((-9)/3). Suppose -y*q = -3*p - 39, 2*q = 2*p - 0*p + 18. Calculate the greatest common divisor of q and 3.
3
Let r(v) = -v**2 + 84. Let y be r(0). Let d = -54 + y. Suppose -j - d = -2*j. What is the greatest common divisor of 75 and j?
15
Let v = 142 - 82. Calculate the highest common factor of 15 and v.
15
Let s(r) = r**3 - 3*r**2 + 2. Let v be s(3). Suppose -y + v*z + 18 = 3*y, 3 = -y + 3*z. Suppose y = 5*w - 4. Calculate the highest common divisor of w and 2.
2
Let f be 620/6 + 20/30. Calculate the highest common factor of f and 13.
13
Let n(u) be the third derivative of 0 - 2*u**2 + 1/4*u**4 - 1/2*u**3 + 0*u. Let g be n(2). Calculate the greatest common factor of 6 and g.
3
Let g be (0 - -3) + -2 - 6/(-2). Calculate the highest common factor of g and 20.
4
Let x = -68 - -83. Calculate the greatest common factor of x and 75.
15
Let a be 1/(-2 + 3) - -15. Let o be (-3*3)/3 + 131. What is the greatest common divisor of o and a?
16
Let p be (-8 - 1 - -3)/(-2). Suppose -5*t + 2*x + 94 = -0*t, p*t - 64 = 5*x. What is the greatest common factor of t and 9?
9
Suppose 223 = -g + 3*g + z, -9 = -3*z. What is the highest common divisor of g and 44?
22
Let t be 0*(1 - (-1 - -3)). Let n(w) = w + 4*w**2 + t*w - 2*w**3 + 5 + 3*w**3. Let x be n(-4). Calculate the highest common divisor of 7 and x.
1
Suppose -5*d = -3*d - 84. Suppose 0 = -2*w - 4*v + 48, -14 = -3*w - 2*v + 66. What is the greatest common factor of w and d?
14
Suppose -3*q = 2*q - 40. Let p = 11 - q. What is the greatest common factor of p and 24?
3
Suppose -2*q + s = -5*q + 265, -2*q + 172 = -4*s. Suppose 3*u - 13 = 5*v, 0 = 3*u + 2*v + 2*v - 49. Calculate the highest common divisor of u and q.
11
Let d = -16 + 23. Let f be 20/(-4) - -2 - -10. Calculate the greatest common divisor of d and f.
7
Let t = 38 + -11. Calculate the greatest common factor of 27 and t.
27
Let m = -24 + 28. Suppose 4 = 4*h, 5*w - 4*h - 69 - 107 = 0. What is the greatest common factor of m and w?
4
Let o(n) = -n**2 - 3*n + 8. Let s be o(-4). Calculate the highest common divisor of s and 16.
4
Let d(l) = l**2 + 13*l + 39. Let j be d(-12). What is the greatest common factor of 9 and j?
9
Suppose -4*m + 69 = -27. What is the highest common factor of 8 and m?
8
Suppose 120 = 2*z - z. Suppose -h + 10 + z = 0. What is the highest common factor of 13 and h?
13
Let q be (-1)/3 - 14/(-6). Suppose q*w + 3*w - 525 = 0. What is the highest common factor of 15 and w?
15
Suppose -5*w - 903 = -4*d - 57, 0 = -3*d + 2*w + 631. Calculate the greatest common factor of d and 19.
19
Suppose u = -g + 6*g - 21, -5*u = -3*g - 5. Let q(y) = y**2 - 7*y - 3. Let x be q(g). Let i = x - -26. Calculate the highest common divisor of i and 91.
13
Let z be (-27)/6*(-2)/3. Calculate the highest common divisor of 15 and z.
3
Let k = 5 - 0. Suppose -r + 16 = -m - m, 5*r - 65 = -k*m. What is the greatest common factor of 154 and r?
14
Let s be 4/(-6) - (-140)/21. Let u be 80 - 1*(s + -3). What is the greatest common divisor of 11 and u?
11
Let j = 11 + 9. Let c = -7 + j. Calculate the highest common divisor of 39 and c.
13
Suppose -6 = -3*h + k, 0*h - 3*h = 5*k - 6. Suppose 6*f - 32 = 2*f. Let z be (13/h)/(4/f). What is the greatest common divisor of z and 117?
13
Let h = -50 - -35. Let j = h + 19. Calculate the greatest common factor of 32 and j.
4
Suppose -q - 3*q + o = -153, -q - 2*o = -45. Suppose 3*y + 5*l - 124 = 26, -y + 2*l = -q. What is the highest common factor of 5 and y?
5
Let l(a) = 2*a - 12. Let b(s) = s - 6. Let o(f) = -5*b(f) + 2*l(f). Let t be o(3). Calculate the greatest common factor of t and 3.
3
Suppose 2*u = -2*p + 6*p + 14, -2*u - 26 = 4*p. Let k be (4 + -1)/(u/(-99)). Let a = 37 - 28. Calculate the greatest common divisor of k and a.
9
Let g = -1 - -3. Suppose -d + 12 = g*d. Suppose -d*v + 6*p = 2*p - 40, 0 = -p + 4. Calculate the highest common divisor of v and 112.
14
Suppose -2*x + 71 = 5. Calculate the highest common factor of x and 33.
33
Let h = 52 + -80. Let y be (h/(-8))/((-1)/(-2)). Calculate the highest common divisor of 21 and y.
7
Let n be -3 + -3 + 804/4. Calculate the highest common factor of 15 and n.
15
Suppose 0 = -2*u - 17 + 217. Let v(f) = -f**3 + 8*f**2 + 12*f - 17. Let c be v(9). What is the highest common factor of c and u?
10
Let l be 1 - ((-3)/(-3) + -2) - -7. Calculate the highest common divisor of l and 90.
9
Suppose 8*g = g + 728. What is the highest common divisor of 13 and g?
13
Suppose -5*q + 17 + 14 = -3*d, 0 = -q - 3*d + 17. Calculate the greatest common factor of q and 8.
8
Suppose 0*l + 17 = l. What is the highest common factor of 136 and l?
17
Let n be 3*(-8)/6 + -3. Let c = 13 + n. Calculate the highest common divisor of 6 and c.
6
Suppose 4*h + 8 = 48. Let l be 6/(-4) - (-1215)/h. Suppose r - l = -4*r. Calculate the greatest common divisor of r and 60.
12
Let c(f) = 1 - 4*f**2 + 1 + 3 - f**3 + 2*f**3. Let o be c(4). What is the greatest common factor of o and 5?
5
Let d = -5 - -8. Let k = 4 - 1. Suppose -d*f + 4 = 3*y + f, -k*y + 10 = f. What is the greatest common divisor of y and 16?
4
Let w = 3 - 4. Let s be (3/(-6))/(w/36). What is the greatest common divisor of s and 45?
9
Suppose 0 = 5*q - b - 6, -2*q + 0 - 3 = 5*b. Let u be (-1)/q - 9/(-3). Let r = 12 + 2. Calculate the greatest common divisor of u and r.
2
Let q = -6 + 6. Let h(l) = l + 35. Let x be h(q). Calculate the greatest common divisor of 5 and x.
5
Let v = 12 + 9. Let o be (28/v)/((-1)/(-3)). Calculate the greatest common divisor of 8 and o.
4
Let x(g) = 0 + 4*g**2 + 4*g + g**3 - 2 + 2. Let w be x(-5). Let a = -21 - w. What is the greates